t + 7 = -18, -i = 5*t - 30. Let h(n) = n**2 + n - 1. Let y(r) = i*h(r) + a(r). What is y(-6)?
-10
Let x(p) be the third derivative of p**4/12 - 17*p**3/6 - 46*p**2 - 2. What is x(7)?
-3
Let s(i) be the third derivative of -i**5/60 + 17*i**4/24 - 10*i**3/3 + i**2. Let j be s(16). Let b = j + -1. Let d(m) = m + 5. Calculate d(b).
0
Let y(t) be the third derivative of -t**5/60 + 5*t**4/12 - 2*t**3 - t**2. Suppose 232*v + 37 = 4*w + 231*v, -3*w - 4*v + 4 = 0. Determine y(w).
4
Suppose 3*c + 2*c = 3*k - 5, 3*c = -4*k + 26. Suppose -k*i + 5 = -10. Let o(f) = -557*f**i + 556*f**3 - 4 - 2*f + 2 + 4*f**2. Determine o(2).
2
Suppose 40 = -12*g + 17*g. Suppose -8*x = 40 - g. Let j(i) = -5*i**2 - i**3 + 4*i**3 - 4*i**3 - 2 - 6*i. Determine j(x).
6
Let i(c) = c - 12. Suppose 0 = 3*j + 8 + 25. Let x = 11 + j. Suppose -5*u + 4 = 4*m + 14, -5*m + 5*u + 10 = x. Calculate i(m).
-12
Let v = 7 + -2. Suppose -w + 4*w - v*i + 6 = 0, 44 = -5*w - 3*i. Let q(p) = -11*p**2 - 4*p - 4*p + 10*p**2 - 7. Give q(w).
0
Suppose 8 = 2*a + 2*a. Suppose 2*d + 9 = 3*i, -4 - 2 = a*d. Let l(t) = -4*t**3 - 2*t**2 + t. Give l(i).
-5
Let l(c) = 4*c + 19. Let j(a) = -2*a - 9. Let u(v) = -7*j(v) - 3*l(v). Give u(-5).
-4
Let u be 6 + -3 - (-4)/(-4). Let l(c) = u*c**2 + 0*c + 1 + 0*c + 0*c - c. Let f be (0 - 4)*(-9)/18. Determine l(f).
7
Let d(b) = -4*b + 15*b - 6*b**2 + 12*b**2 - 11 - 7*b**2. Give d(8).
13
Suppose -12 = -2*c - 2*c. Let b(w) be the second derivative of -w**4/6 - 339*w. Determine b(c).
-18
Let y(r) = 3*r - 11. Let z = 936 + -940. Calculate y(z).
-23
Suppose 5*a - 261 = 299. Let z = 117 - a. Let b(h) = h**3 - 7*h**2 + 7*h + 2. What is b(z)?
-13
Let j be 15/((-3)/(-1))*-1. Let s(b) = -b**2 - 6*b - 1. Let t(k) = 5*k - 1 + k + 2 + k**2. Let g(z) = -4*s(z) - 5*t(z). Calculate g(j).
4
Let n(k) = 18 - 4*k + 13 - k**2 - 36. Give n(-4).
-5
Let q(y) = y**2 + 12*y + 39. Let w be q(-6). Let g(i) = 7 - w - i - 3 - 11. Determine g(-8).
-2
Let n(i) be the third derivative of -i**6/120 - 7*i**5/60 - i**4/8 + 11*i**3/6 - 28*i**2 + 6*i. Determine n(-6).
-7
Let q(s) = s**2 - 2*s + 3. Let o(t) = -t - 3. Let w be o(-6). Suppose -w*k + 4 = k. Suppose 3*f = -5*a + 21, -5*a - k = -4*a - 2*f. Give q(a).
6
Let l(q) be the first derivative of 2*q + 10 + 2*q**2 + 1/3*q**3. Give l(-3).
-1
Let g(c) = -2*c + 25. Let i(l) = 8*l**2 - 79*l + 4. Let t be i(10). Determine g(t).
-3
Let d(l) be the third derivative of l**6/120 + 19*l**5/60 + 19*l**4/24 + 9*l**3/2 - 130*l**2 - 1. What is d(-18)?
9
Let d(x) = 4*x + 1. Let v(b) = -2*b - 7. Let w be v(0). Let j(p) = -9*p - 3. Let i(o) = w*d(o) - 3*j(o). Let u = -1 + 5. Determine i(u).
-2
Let s(m) = 13*m - 12. Let t(w) = -3*w + 1. Let c(o) = -s(o) - 5*t(o). Let n(l) = 2*l + 13. Let z be n(-9). Determine c(z).
-3
Let r = -8 + 11. Let h(s) = s**3 - 10*s**2 + 2*s - 16. Let v be h(10). Let k(d) = r*d + 9*d + 6 + d**2 - v*d. Give k(-6).
-6
Suppose 0*n + 5*n - 2*s = 0, -n = 4*s + 22. Let h(z) = -z**3 - z**2 + z + 1. Determine h(n).
3
Let f = 38 - 36. Let w(o) = -31 + 41 + 3*o**3 - 2*o**3 + 8*o**f + 8*o. Determine w(-7).
3
Let o(n) = -8*n**3 + 4*n - 5. Let q(w) = -7*w**3 + 3*w - 4. Let l(u) = -4*o(u) + 5*q(u). Determine l(1).
-4
Let r(j) = -3*j**3 + j**2 + j - 1. Let g(z) = 19*z**3 - 6*z**2 - 6*z + 5. Let i(s) = g(s) + 6*r(s). Determine i(-1).
-2
Let t(g) = -4*g + 6 - g + 4*g. Let u(f) = f - 7. Let d(n) = 6*t(n) + 5*u(n). Give d(-8).
9
Let b = 1760 + -1767. Let a(t) = t + 10. Determine a(b).
3
Let f(y) = y**3 + 7*y**2 - y - 9. Let x be f(-7). Let g = 5 + x. Let k(w) be the first derivative of -w**2 + 4*w + 5. Give k(g).
-2
Suppose -5 + 8 = 3*u. Let a be (u - -2)*5/(-5). Let w(z) = -z**3 - 2*z**2 + z - 1. Let j(t) = t**3 + 2*t**2 - t + 2. Let m(s) = -3*j(s) - 4*w(s). Give m(a).
-8
Let h(x) = x**3 + x + 12. Let k(a) = -a**3 - 14*a**2 + 19*a + 20. Let o be k(-15). Let n = -40 - o. Calculate h(n).
12
Suppose 0 = -5*a + 3*f + 10, 3*a - 31 = -4*f + 4. Let n(o) be the third derivative of -o**4/6 + 5*o**3/6 - 3*o**2. Determine n(a).
-15
Let d(n) = n + 3. Let m = -12 - -22. Suppose 27 = -5*t - 3*g, -m - 7 = -t + 5*g. Calculate d(t).
0
Let w(q) be the first derivative of -3*q**4/4 + q**3/3 - q**2 + q + 6. Let c be w(1). Let j(z) be the first derivative of z**2/2 + 2*z - 8. Give j(c).
-1
Let i(c) be the first derivative of c**4/4 - 13*c**3/3 - c**2/2 + 19*c - 78. Calculate i(13).
6
Let y(a) be the first derivative of -9*a**2/2 - 7*a + 85. Determine y(-3).
20
Let h = 6 - 4. Let d(m) = 0*m**2 + 2*m**h - 3*m - 2*m**3 + 1 + 3*m**3. Let k = 612 + -615. What is d(k)?
1
Let o(q) = -2*q + 71 - 105 + 32. Calculate o(4).
-10
Let k(q) = 7*q**3 + 7*q**2 + 12*q - 6. Let h(w) = -8*w**3 - 9*w**2 - 15*w + 7. Let z(l) = 5*h(l) + 6*k(l). Give z(-2).
-23
Let g(v) = v - 1. Let m be ((-9)/(-12))/((-3 - -1)/16). Give g(m).
-7
Let f(t) be the second derivative of -t**5/20 - t**4/2 + t**3/6 + t**2 + t. Let p(w) = 196*w + 386. Let j be p(-2). Give f(j).
-4
Let z(w) = -w**3 - 5*w**2 + 8*w + 6. Let g be z(-6). Let l(j) = 2*j - 8 + 2*j - 5*j. What is l(g)?
-2
Let v = -5 - -3. Let c = 22 + -20. Let w(y) = 9*y + 4*y**3 - 2 - 5*y**3 - 11*y - c*y**2. Give w(v).
2
Let q(v) = -11*v**2 + 5*v + 2 + 2*v**2 + 8*v**2 + 2*v**2. Let p be q(3). Suppose -5*r + 5*g + 35 = 0, 3*r - 2*g - p = -5. Let a(m) = -m + 3. Calculate a(r).
-4
Let x(c) be the second derivative of -c**5/20 + c**4/6 - c**3/3 - c**2/2 + 157*c. What is x(2)?
-5
Let c(s) = 7*s + 29. Let i(v) = -3*v - 4. Let j(w) = c(w) + 4*i(w). What is j(7)?
-22
Let r = -8 - -8. Suppose r = 4*s + 3*z - 63, 2*z = -3*s - 22 + 68. Suppose -3*v + s = -5*v. Let o(p) = -p**2 - 6*p - 2. Give o(v).
-2
Let q(j) = j**2 + 6*j - 5. Let h(y) = 7 + 10*y + 0*y - 2*y**2 + 3*y**2 - 2*y. Let c(m) = -7*m**2 + m. Let n be c(1). Let l be h(n). What is q(l)?
-10
Let i(s) = 3 + 5 - 3*s + 2*s + 2*s. Let x be i(-5). Suppose -9 = -j - x. Let g(m) = m**3 - 7*m**2 + 8*m - 8. Give g(j).
4
Let k(n) = 2*n. Let h(s) be the first derivative of -s**3/3 + 9*s**2/2 - 14*s + 12. Let y be h(6). Calculate k(y).
8
Let t(p) = -p**2 + p + 13. Let g(f) = f + 2. Let u be g(2). Suppose -4*x + 2*i = -u, 5 + 1 = 4*x - 3*i. What is t(x)?
13
Let m(h) = h - 2. Let p(b) be the third derivative of b**5/60 - b**4/2 + 10*b**3/3 - 8*b**2. Let x be p(10). Calculate m(x).
-2
Let i(n) = n**2 - n - 2. Suppose 5*d - 2*v = -12, 9*d - 11*d - v = 3. Give i(d).
4
Let o be 10/4*(-128)/(-80). Suppose -o*b + 0*j + 22 = -2*j, -4*j - 2 = -b. Let h(i) = -3*i**2 - 5. Let w(v) = v**2 - v. Let d(c) = -h(c) - 4*w(c). What is d(b)?
-7
Let x(f) = -579 + 316 + 258 - 5*f. Give x(-2).
5
Let a = 253 + -265. Let t(y) = -y**3 - 11*y**2 + 11*y - 9. Calculate t(a).
3
Let n(a) = -27*a**2 - 2*a + 8. Let b(i) = -20*i**2 - 3*i + 9. Let q(v) = 4*b(v) - 3*n(v). Calculate q(5).
7
Suppose 0 = i + 4*i. Let u(n) be the second derivative of n**6/120 - n**4/24 - 5*n**3/6 + 3*n**2 + 14*n. Let w(m) be the first derivative of u(m). What is w(i)?
-5
Let w(q) be the second derivative of -q**3/2 + q**2/2 - 273*q. Calculate w(-5).
16
Let d = 2 + 4. Let p(b) = -d*b**2 + b + b**2 + 13*b**2. Suppose 0*n + n = -1. What is p(n)?
7
Let i(c) = 12*c**2 - 74*c + 24. Let p(h) = 7*h**2 - 43*h + 12. Let k(l) = -4*i(l) + 7*p(l). Calculate k(7).
2
Let j(v) = 2*v**3 - 4*v**2 + 4*v - 3. Let o be (14/28)/(1/34). Suppose -16*r - 2 = -o*r. What is j(r)?
5
Let d(i) = i - 1. Let m(g) = -4*g + 1. Let f(x) = -2*d(x) - m(x). Give f(3).
7
Let s = -28 - -22. Let n(i) = -i**2 - 2*i - 2. Let w(v) = 3*v**2 + 4*v + 5. Let u(t) = -7*n(t) - 2*w(t). What is u(s)?
4
Let b(w) be the second derivative of w**4/12 + 2*w**3/3 + 3*w**2/2 + 34*w. What is b(-4)?
3
Let r(p) = p**3 - p**2 - p + 15. Let w(i) = -i**3 + i. Let g(q) = r(q) + 2*w(q). Give g(0).
15
Let o(d) = d**2 + 3*d - 5. Suppose -15 = -5*a + 55. Suppose 6*s - 2*s - i = -a, -5*s + i = 18. What is o(s)?
-1
Let g(t) = -t**2 - t. Let f(d) = d**3 + 4*d**2 - 4*d - 10. Let x(v) = -f(v) + 4*g(v). Suppose 106 = -15*b - 14. Determine x(b).
10
Let q(m) = m + 1. Let k be 2 + -10 + 3 - -1. Let x(i) = -i**3 - 7*i**2 - 13*i. Let b be x(k). Calculate q(b).
5
Let t(x) be the first derivative of x**3/3 + 3*x**2 - 5*x - 121. Determine t(-6).
-5
Let u(f) = f - f**3 - 31 + 2*f**3 + 0*f**3 + 23 + 26. Determine u(0).
18
Let a be ((-16)/10)/(-4)*-10. Let s(m) = -5*m + 6*m - 